12 - -6) + (-4 - 19)
-19
Calculate -17 - (0 + 11 + -11 + (12 - 10)).
-19
What is 442 + -423 - (1 + -2 + 12)?
8
Evaluate -60 + 77 + -37 + 8.
-12
What is 12 + -29 - -6 - -27?
16
What is (0 - (8 + -4)) + 3 + -8 + -28?
-37
Evaluate 0 + -7 + (-11 - (-10 - -9)).
-17
Evaluate -4 - -8 - (0 + 0 - (2 + 0)).
6
What is the value of (-2 - 4) + 14 - 12 - -11?
7
Evaluate 23 - (23 + -8) - -9.
17
Calculate (0 - 3) + 12 + (2 + -6 - 2).
3
What is the value of -6 + (8 - (-8 - 0) - -7)?
17
Evaluate -5 - 0 - (-68 + 68).
-5
What is -8 - (-25 + (-26 - -23))?
20
Calculate -16 + (-1 - (2 - 3 - 2)).
-14
What is the value of (-7 - (-7 - -8)) + -3?
-11
Calculate (20 - 15) + (-2 - (1 - -4 - 1)).
-1
What is the value of 2 + -6 + (-110 - -107)?
-7
Calculate 57 - (-13 + (11 - -11) - -11).
37
What is 2 + 9 + (-1 - -19) + -20?
9
What is the value of 6 - (21 - 17) - (-15 - -3)?
14
(5 - 12 - (-2 - -10)) + -46 + 47
-14
Calculate 34 + 7 + (8 - (16 - -3)).
30
What is the value of 4 + 9 + (-4 - -2) - 8 - 6?
-3
What is the value of 3 - (16 - (-3 - (6 + 5 + -14)))?
-13
Calculate 3 + -17 + -2 + 1 + (14 - 10).
-11
Evaluate 8 + 0 + (-8 - 1) - 6 - -15.
8
What is -6 + 5 + -6 + 9?
2
Evaluate 0 + 6 + -4 + (32 - 21).
13
What is 0 + (-6 - (-10 + 7 + -2))?
-1
(164 - 163) + 8 + 1
10
Evaluate (-18 - -18) + 9 + (-3 - -13).
19
What is 1 + 3 + (-2 - (-8 - -10)) + 19?
19
What is 38 + -38 + (-8 - 2)?
-10
Calculate 25 + -6 + (-393 - -347).
-27
Calculate (-14 - (13 - 41)) + -47.
-33
What is the value of 12 - 3 - 11 - (-13 + 1 + 1)?
9
Evaluate 33 - (32 + -11) - (0 + -12).
24
What is the value of (17 - -9 - 46) + 20?
0
1 + -7 - ((13 - 4) + -3 + 2)
-14
What is the value of -19 - ((-5 - 7) + -1)?
-6
Evaluate -40 - (-27 - (31 - 36)).
-18
Calculate -130 + 149 - (7 + 5).
7
What is 1 + 20 - (-732 + 753)?
0
Evaluate -36 + -14 + 24 - (2 + -12).
-16
What is the value of (-5 - (-3 + -18)) + -2 + -1 + 2?
15
Calculate 77 + -44 + -40 + (1 - -14).
8
-1 + -19 + 2 + (-1 - 6) + 6
-19
-3 + -7 + 3 - (25 + -21)
-11
-5 - -1 - 4 - (-3 + -26 + 21)
0
Evaluate 18 + (6 - 9) + (-21 - -22).
16
Evaluate 26 - 30 - (33 + -26).
-11
Evaluate (-99 - (-43 - 97)) + 0 + -19.
22
(0 + 4 - (-1 + 10) - 1) + 8
2
Calculate (26 - (16 + 13)) + 6 + 0.
3
Evaluate (-17 - -11) + -5 + (-15 - -12).
-14
What is 4 - -7 - (-1 - 3 - -2 - -2)?
11
What is (-15 + 2 - (-42 + 32)) + 5?
2
What is the value of -13 + (-9 - (-13 + 6)) + (7 - 4)?
-12
Calculate 24 - (-8 - -22) - (-2 + (2 - 1)).
11
Evaluate -2 - -16 - (297 - 274).
-9
What is the value of 5 - (8 + -29) - 7?
19
What is -5 + 8 - (-5 + (-24 - -24))?
8
Evaluate 4 + (-10 - -6) + 0 + -2 - -5.
3
What is (-9 - -5) + -5 + (33 - 13)?
11
Evaluate (-5 - -4) + (-9 - -10).
0
What is -107 - -58 - (-30 - -3)?
-22
What is (13 + 2 - 22) + -7?
-14
Calculate 13 - (-4 - 8) - (3 + -5 - -6).
21
What is (3 + -5 - 0) + 5 + -3 + -11?
-11
What is (28 - -2) + -470 + 444?
4
What is (3 - 5) + (2 + -7 - -11)?
4
What is the value of -9 + (2 - ((-2 - -9) + -10) - 5)?
-9
-1 - (-3 - -8) - (-43 + 31)
6
(5 - (-1 - -4)) + (-1 - 4)
-3
What is the value of 3 - 0 - 2 - (22 + -42 + 12)?
9
What is 2 + -3 + -1 + (17 - (6 - 3))?
12
Evaluate 38 + (36 - 68) - -18.
24
What is the value of (9 + -28 - -23) + (5 - -1)?
10
Calculate (-1 - 1) + (-8 + 6 - -3) + -20.
-21
Calculate 0 + 10 - (2 + -6 + (-8 - -16)).
6
Evaluate (-16 - -8) + (1 - 8).
-15
What is (-7 - 1 - 2) + 15 + -23?
-18
Calculate 71 - 99 - (1 + -2 - 2).
-25
Calculate 82 - 74 - (-1 - -27).
-18
What is 9 - (1 + 13 + (-174 - -174))?
-5
Evaluate -13 + 0 + (-46 - -64).
5
12 + -2 + 3 + (-19 - -11)
5
-4 + (9 - 13) + 7
-1
Evaluate 4 + -33 - -4 - (-12 + 2).
-15
Evaluate 2 - (26 - ((14 + -8 - 3) + -4)).
-25
(7 + 1 - 7) + -17 - 15
-31
What is 15 - (4 - (4 + -4 + 5 + -4))?
12
What is 0 - (6 + -4 + 10 + -8 + -1)?
-3
Evaluate (37 - (28 + 10)) + -36.
-37
Calculate 0 + 4 + (-13 - -6) + 0.
-3
-76 - -68 - (2 - 2) - 1
-9
What is the value of 36 + -67 + 14 - -7?
-10
What is 38 + (0 - 31) + -20 + 2?
-11
9 + 1 + -12 - 9
-11
What is 495 + -514 + 0 + -8?
-27
Evaluate -24 - -61 - (-37 + 64).
10
What is the value of 2 + (17 - (5 - -7) - (15 + -1))?
-7
Evaluate (-2 - 1) + 499 + -490.
6
(-14 - -22) + -17 - (0 - -13)
-22
What is -20 + 26 - (-7 + 25 + -5)?
-7
What is 16 - (8 - (-6 - -10 - 11))?
1
Evaluate 6 + (-21 - -36) + -7 + -1.
13
(9 - (-7 - -12 - 3) - 4) + 14
17
What is -11 + 0 + (-36 - -29) + (7 - 2)?
-13
What is -1 - -3 - (2 + (18 - 11))?
-7
Calculate -3 - 10 - -3 - (33 + -38).
-5
Evaluate 46 - (-8 + 76) - -10.
-12
What is 10 - (-10 - -32) - -6?
-6
Calculate (-11 - 7) + (-16 + 13 - (0 + 5)).
-26
(-17 - (-56 - 0) - 4) + -9
26
Calculate -5 + (1 - -10 - 6 - 4) + -4.
-8
Calculate -16 + -2 - 2 - -8.
-12
-2 + (3 - (1 - (11 - (-5 - -9))))
7
What is (-8 - -6) + (9 - 16) + (0 - 6)?
-15
Evaluate (-3 - -1) + (4 - 2) + 17.
17
Calculate 2 + 12 - (-136 - -138).
12
What is -5 + (-2 - -8) + -11 + -2?
-12
Calculate (1 - 0) + (-28 - -57) - (26 + -30).
34
What is (-4 + 11 - -4) + -4 - -19 - 8?
18
9 + -34 + (1 - 12) + 10 + -11
-37
Evaluate (-1 - -3) + (2 - 13).
-9
What is the value of 22 + 26 + (-66 - -17)?
-1
Calculate (-12 - 2) + -21 + 59 + -33.
-9
Evaluate -4 + 0 + (10 - (-11 - -7)).
10
Evaluate -10 - 1 - -13 - -7.
9
What is the value of 0 - -8 - 10 - ((3 - -8) + -1)?
-12
2 - (5 - 4 - (3 - 8))
-4
Evaluate -7 - -3 - ((-3 - -18 - 3) + -7).
-9
What is -3 - (-2 - (-3 + 6)) - -8?
10
Calculate 21 + (-255 - -273) + (-7 - 0).
32
-1 + -9 + (-6 - -14) - (1 + -1)
-2
What is the value of -4 + (-15 - (-1 + -13) - (-13 + 0))?
8
Evaluate -16 + (-6 + (8 - 6) - 4) + 6.
-18
-8 + 2 + -5 + (-55 - -60)
-6
Calculate (-16 - -9) + (5 - (0 + -5 + 3)).
0
Calculate 9 + (2 - 6 - (-5 - -6)) - 6.
-2
What is 0 - -9 - (1 + 1 - (23 - 16))?
14
(-36 - -11 - -20) + 1 + -10
-14
33 - (46 + -8 + -18)
13
-435 - -435 - (1 - -13)
-14
What is the value of -9 + 0 + 4 + (2 - (0 - 17))?
14
Calculate (-5 - (2 - 29)) + -35.
-13
Evaluate 1 + ((6 - 16) + 5 - (4 - 0)).
-8
Evaluate (-14 - -45) + (6 - 20).
17
3 + (-26 - -49) - 42
-16
0 - 5 - (8 - 13 - -17) - -5
-12
-2 + 3 + -2 + 2 + -3 - -8
6
What is the value of 19 + -2 + 0 + -26 + 13 + 12?
16
-24 + -2 + (7 + -4 - -5)
-18
What is the value of -179 + 170 - (-2 + 9)?
-16
What is 8 + (11 - (9 - 2)) + -11?
1
What is 9 + 13 + 0 - 11?
11
What is -28 - (5 + -2 + (23 + -15 - 18))?
-21
Calculate 2 - -2 - 0 - 24 - -10.
-10
What is the value of (-8 - 7 - -5) + 7 + -14?
-17
What is 7 + (9 - 9) + -9 + 14?
12
Evaluate (-9 - 0) + -7 + (14 - 5).
-7
Calculate -5 - (2 + (-99 - -82 - (-2 - 1))).
7
Calculate (-14 - -41) + -32 + -11.
-16
Evaluate (-1 - -1) + -2 + (49 - 6 - 29).
12
Evaluate 4 - (9 + -15 - -16) - 21.
-27
What is (-26 - -15 - -1) + 6?
-4
Evaluate 111 + -123 - (-7 - 2 - -2).
-5
What is -4 - -4 - (-66 - -54)?
12
-19 + (-9 - (-5 + -14 + 2)) + -13
-24
Evaluate -18 + (0 - -21) + 13.
16
Evaluate 7 + -11 + 0 + 3 - -2 - 1.
0
Calculate 7 + -7 + 8 + (4 - 0).
12
Evaluate -11 - (0 - (-12 - (-29 - 5))).
11
65 + -70 - (-2 + -3)
0
Evaluate (16 - 11) + (-1 - 19 - -1).
-14
-25 - (-3 + 49) - -45
-26
What is (1 - 0) + -47 + -23 + 63?
-6
Evaluate 5 + (-2 - -6) + -2 - (-5 + 3).
9
11 + 0 + 8 + -11
8
What is -5 - (-17 + -6 + 11 - -1 - 5)?
11
Evaluate -19 + -1 + 6 - 0.
-14
Evaluate -6 - ((-5 + 0 - 8) + -5).
12
8 - (-2 + 31 - (-36 + 39)) - -3
-15
What is 2 + 1 + -2 + 2 + 23 + -37?
-11
What is the value of -2 + -11 + 17 + -5?
-1
Evaluate (-5 - 1) + (-8 - 9 - -12).
-11
What is the value of 54 + -43 + -3 + (-6 - -3)?
5
-13 + 5 + (9 + -17 - 7)
-23
1 + (-4 - (-22 - -11)) + -1
7
Calculate 4 - (-3 + (26 - 17)).
-2
Evaluate -10 + (41 + -13 - 12 - 4).
2
What is the value of 8 + (-8 - 1) + 7 + -4 + -1?
1
What is (14 - 1) + -1 - (-62 + 16 - -39)?
19
What is the value of (2 - (12 - (-10 + 9))) + 0?
-11
Calculate -4 - ((0 - -14) + -189 + 177).
-6
What is (28 - (51 + -34)) + (-26 - -1)?
-14
What is the value of (-35 - 0 - (-3 + -6)) + 9?
-17
What is -1 + (6 - 12 - (1 - 8)) + 9?
9
Evaluate (13 - 22) + 1 + 14 + 1 + -1.
6
(-11 - -12 - -8) + (1 - 7) - -19
22
What is 1 + -11 + (1 - (-5 - -2)) + 2?
-4
Evaluate 2 + (-8 + (-1 - 4) - -3).
-8
2 - (-3 + (-2 - 8 - (0 + -1)))
14
What is the value of (8 - 11) + 4 + 8?
9
What is the value of -8 - (-29 - -5 - -8)?
8
Calculate -20 + (30 - 13) + -8.
-11
What is the value of 1 + -14 + (23 - (29 - 13)) - -1?
-5
Calculate 4 - (-13 + -2 + 7 + -8 +